{"id":1090,"date":"2024-09-20T15:22:09","date_gmt":"2024-09-20T12:22:09","guid":{"rendered":"https:\/\/cafebryggan.fi\/?page_id=1090"},"modified":"2024-09-20T15:22:09","modified_gmt":"2024-09-20T12:22:09","slug":"lediga-jobb","status":"publish","type":"page","link":"https:\/\/cafebryggan.fi\/?page_id=1090","title":{"rendered":"Lediga jobb"},"content":{"rendered":"\n<p>Vi anst\u00e4ller!<\/p>\n\n\n\n<p>KOCK till \u00d6ja Byacenter <br>Vi s\u00f6ker en engagerad kock till heltidstj\u00e4nst som vill skapa god och n\u00e4ringsrik mat i v\u00e5rt k\u00f6k p\u00e5 \u00d6ja Byacenter. <br>Du kommer fr\u00e4mst att laga mat f\u00f6r daghem, f\u00f6rskola och skola, med cirka 70 portioner om dagen. <br>All mat tillagas i v\u00e5rt eget k\u00f6k med fokus p\u00e5 kvalitet och n\u00e4ringsinneh\u00e5ll. <br>Arbetstiderna \u00e4r vanligtvis vardagar kl. 7 -15 med vissa undantag. <br>Arbetet b\u00f6rjar i slutet av oktober eller tidigare om m\u00f6jligt.<br>Arbetsuppgifter: <br>&#8211; Tillaga dagliga m\u00e5ltider f\u00f6r barn och ungdomar (cirka 70 portioner per dag).<br>&#8211; Planera, best\u00e4lla och f\u00f6rbereda m\u00e5ltider enligt f\u00e4rdiga matlistor. <br>&#8211; Vara delaktig i f\u00f6retagets cateringuppdrag, festm\u00e5ltider och m\u00f6testj\u00e4nster tillsammans med resten av teamet. Dessa uppdrag sker \u00e4ven p\u00e5 kv\u00e4llstid och helger. &#8211; Uppr\u00e4tth\u00e5lla en h\u00f6g hygienstandard i k\u00f6ket. Kvalifikationer: <br>&#8211; Utbildad kock eller motsvarande erfarenhet inom matlagning. Erfarenhet av att laga mat i st\u00f6rre volymer, g\u00e4rna inom skola eller f\u00f6rskola. <br>&#8211; F\u00f6rm\u00e5ga att arbeta sj\u00e4lvst\u00e4ndigt s\u00e5v\u00e4l som i team. <br>&#8211; Kreativ, strukturerad och med ett genuint intresse f\u00f6r att laga h\u00e4lsosam och god mat. <br>&#8211; Kunskap om specialkost och allergianpassning \u00e4r meriterande. <br>&#8211; K\u00f6rkort beh\u00f6vs. Vi erbjuder: &#8211; En trivsam arbetsplats i en natursk\u00f6n milj\u00f6. <br>&#8211; M\u00f6jlighet att vara kreativ i k\u00f6ket och bidra till barnens m\u00e5ltidsupplevelser. <br>&#8211; Flexibla arbetsuppgifter i samband med catering och festarrangemang. <br>&#8211; V\u00e5rt team st\u00f6ttar och ger en grundlig inskolning i tj\u00e4nsten. <br>&#8211; Vi anv\u00e4nder oss av MaRas TES <br>L\u00e5ter detta som n\u00e5got f\u00f6r dig? Skicka din ans\u00f6kan till oss senast 7.10.2024 och bli en del av v\u00e5rt fantastiska team p\u00e5 \u00d6ja Byacenter! <br>Ans\u00f6kan och mer info: info@cafebryggan.fi &#8211; 0503377522<\/p>\n","protected":false},"excerpt":{"rendered":"<p>Vi anst\u00e4ller! KOCK till \u00d6ja Byacenter Vi s\u00f6ker en engagerad kock till heltidstj\u00e4nst som vill skapa god och n\u00e4ringsrik mat i v\u00e5rt k\u00f6k p\u00e5 \u00d6ja Byacenter. Du kommer fr\u00e4mst att laga mat f\u00f6r daghem, f\u00f6rskola och skola, med cirka 70 portioner om dagen. All mat tillagas i v\u00e5rt eget k\u00f6k med fokus p\u00e5 kvalitet och&hellip;&nbsp;<a href=\"https:\/\/cafebryggan.fi\/?page_id=1090\" rel=\"bookmark\">Lue lis\u00e4\u00e4 &raquo;<span class=\"screen-reader-text\">Lediga jobb<\/span><\/a><\/p>\n","protected":false},"author":2,"featured_media":0,"parent":0,"menu_order":0,"comment_status":"closed","ping_status":"closed","template":"","meta":{"neve_meta_sidebar":"","neve_meta_container":"","neve_meta_enable_content_width":"","neve_meta_content_width":0,"neve_meta_title_alignment":"","neve_meta_author_avatar":"","neve_post_elements_order":"","neve_meta_disable_header":"","neve_meta_disable_footer":"","neve_meta_disable_title":"","footnotes":""},"class_list":["post-1090","page","type-page","status-publish","hentry"],"_links":{"self":[{"href":"https:\/\/cafebryggan.fi\/index.php?rest_route=\/wp\/v2\/pages\/1090","targetHints":{"allow":["GET"]}}],"collection":[{"href":"https:\/\/cafebryggan.fi\/index.php?rest_route=\/wp\/v2\/pages"}],"about":[{"href":"https:\/\/cafebryggan.fi\/index.php?rest_route=\/wp\/v2\/types\/page"}],"author":[{"embeddable":true,"href":"https:\/\/cafebryggan.fi\/index.php?rest_route=\/wp\/v2\/users\/2"}],"replies":[{"embeddable":true,"href":"https:\/\/cafebryggan.fi\/index.php?rest_route=%2Fwp%2Fv2%2Fcomments&post=1090"}],"version-history":[{"count":1,"href":"https:\/\/cafebryggan.fi\/index.php?rest_route=\/wp\/v2\/pages\/1090\/revisions"}],"predecessor-version":[{"id":1092,"href":"https:\/\/cafebryggan.fi\/index.php?rest_route=\/wp\/v2\/pages\/1090\/revisions\/1092"}],"wp:attachment":[{"href":"https:\/\/cafebryggan.fi\/index.php?rest_route=%2Fwp%2Fv2%2Fmedia&parent=1090"}],"curies":[{"name":"wp","href":"https:\/\/api.w.org\/{rel}","templated":true}]}}